the remainder when 597 is divided by 46?
45
What is the remainder when 212 is divided by 9?
5
What is the remainder when 2103 is divided by 92?
79
Calculate the remainder when 258 is divided by 68.
54
What is the remainder when 134 is divided by 68?
66
Calculate the remainder when 4307 is divided by 32.
19
Calculate the remainder when 10356 is divided by 148.
144
What is the remainder when 44 is divided by 18?
8
What is the remainder when 1386 is divided by 10?
6
Calculate the remainder when 189 is divided by 32.
29
Calculate the remainder when 119 is divided by 113.
6
Calculate the remainder when 566 is divided by 30.
26
Calculate the remainder when 5547 is divided by 67.
53
Calculate the remainder when 242 is divided by 18.
8
Calculate the remainder when 193 is divided by 11.
6
What is the remainder when 434 is divided by 110?
104
Calculate the remainder when 161 is divided by 6.
5
Calculate the remainder when 60 is divided by 8.
4
Calculate the remainder when 15 is divided by 2.
1
What is the remainder when 134 is divided by 17?
15
Calculate the remainder when 47 is divided by 2.
1
Calculate the remainder when 88 is divided by 73.
15
What is the remainder when 499 is divided by 50?
49
Calculate the remainder when 1640 is divided by 31.
28
Calculate the remainder when 303 is divided by 53.
38
What is the remainder when 1641 is divided by 815?
11
Calculate the remainder when 47 is divided by 11.
3
What is the remainder when 1797 is divided by 64?
5
Calculate the remainder when 45 is divided by 16.
13
Calculate the remainder when 425 is divided by 104.
9
Calculate the remainder when 337 is divided by 215.
122
What is the remainder when 6748 is divided by 2244?
16
What is the remainder when 552 is divided by 30?
12
Calculate the remainder when 5159 is divided by 215.
214
What is the remainder when 352 is divided by 86?
8
What is the remainder when 3345 is divided by 21?
6
What is the remainder when 261 is divided by 48?
21
Calculate the remainder when 2396 is divided by 239.
6
Calculate the remainder when 279 is divided by 12.
3
What is the remainder when 267 is divided by 94?
79
What is the remainder when 288 is divided by 5?
3
What is the remainder when 134 is divided by 44?
2
What is the remainder when 245 is divided by 62?
59
Calculate the remainder when 429 is divided by 144.
141
What is the remainder when 407 is divided by 76?
27
What is the remainder when 133 is divided by 8?
5
What is the remainder when 117 is divided by 112?
5
Calculate the remainder when 78 is divided by 20.
18
What is the remainder when 124 is divided by 55?
14
What is the remainder when 209 is divided by 30?
29
What is the remainder when 246 is divided by 85?
76
Calculate the remainder when 2020 is divided by 17.
14
Calculate the remainder when 684 is divided by 83.
20
What is the remainder when 83 is divided by 46?
37
Calculate the remainder when 897 is divided by 178.
7
Calculate the remainder when 2328 is divided by 133.
67
What is the remainder when 102 is divided by 15?
12
Calculate the remainder when 4323 is divided by 46.
45
Calculate the remainder when 114 is divided by 4.
2
What is the remainder when 908 is divided by 192?
140
Calculate the remainder when 357 is divided by 30.
27
What is the remainder when 62122 is divided by 125?
122
What is the remainder when 8728 is divided by 148?
144
Calculate the remainder when 877 is divided by 16.
13
What is the remainder when 56 is divided by 16?
8
What is the remainder when 2412 is divided by 27?
9
What is the remainder when 18689 is divided by 70?
69
What is the remainder when 2351 is divided by 24?
23
Calculate the remainder when 601 is divided by 116.
21
What is the remainder when 1673 is divided by 66?
23
What is the remainder when 43 is divided by 31?
12
Calculate the remainder when 983 is divided by 12.
11
Calculate the remainder when 438 is divided by 63.
60
Calculate the remainder when 218 is divided by 74.
70
What is the remainder when 12380 is divided by 24?
20
What is the remainder when 718 is divided by 45?
43
Calculate the remainder when 37 is divided by 17.
3
Calculate the remainder when 2379 is divided by 60.
39
Calculate the remainder when 32 is divided by 25.
7
Calculate the remainder when 57 is divided by 54.
3
Calculate the remainder when 347 is divided by 112.
11
What is the remainder when 14195 is divided by 42?
41
Calculate the remainder when 80 is divided by 33.
14
Calculate the remainder when 559 is divided by 552.
7
Calculate the remainder when 896 is divided by 18.
14
What is the remainder when 80 is divided by 29?
22
What is the remainder when 13 is divided by 7?
6
Calculate the remainder when 312 is divided by 93.
33
What is the remainder when 211 is divided by 3?
1
What is the remainder when 230 is divided by 18?
14
Calculate the remainder when 193 is divided by 64.
1
What is the remainder when 309 is divided by 41?
22
What is the remainder when 56 is divided by 25?
6
What is the remainder when 2549 is divided by 69?
65
What is the remainder when 19401 is divided by 126?
123
Calculate the remainder when 34 is divided by 14.
6
What is the remainder when 17 is divided by 4?
1
Calculate the remainder when 131 is divided by 22.
21
Calculate the remainder when 183 is divided by 50.
33
What is the remainder when 130 is divided by 19?
16
Calculate the remainder when 50 is divided by 31.
19
What is the remainder when 54 is divided by 34?
20
Calculate the remainder when 49 is divided by 20.
9
Calculate the remainder when 535 is divided by 67.
66
What is the remainder when 19631 is divided by 6?
5
Calculate the remainder when 2310 is divided by 34.
32
Calculate the remainder when 50 is divided by 24.
2
What is the remainder when 10353 is divided by 19?
17
Calculate the remainder when 834 is divided by 9.
6
Calculate the remainder when 195 is divided by 49.
48
What is the remainder when 3651 is divided by 27?
6
What is the remainder when 10216 is divided by 10?
6
Calculate the remainder when 50 is divided by 2.
0
Calculate the remainder when 264 is divided by 28.
12
Calculate the remainder when 145 is divided by 25.
20
What is the remainder when 35026 is divided by 31?
27
What is the remainder when 626 is divided by 12?
2
What is the remainder when 309 is divided by 43?
8
Calculate the remainder when 3075 is divided by 181.
179
Calculate the remainder when 3488 is divided by 15.
8
What is the remainder when 193 is divided by 50?
43
What is the remainder when 304 is divided by 12?
4
Calculate the remainder when 136 is divided by 27.
1
Calculate the remainder when 897 is divided by 12.
9
Calculate the remainder when 429 is divided by 180.
69
What is the remainder when 75 is divided by 26?
23
What is the remainder when 151 is divided by 26?
21
Calculate the remainder when 142 is divided by 19.
9
What is the remainder when 289 is divided by 111?
67
Calculate the remainder when 356 is divided by 15.
11
Calculate the remainder when 214 is divided by 75.
64
Calculate the remainder when 196 is divided by 25.
21
Calculate the remainder when 227 is divided by 60.
47
What is the remainder when 264 is divided by 48?
24
What is the remainder when 870 is divided by 13?
12
What is the remainder when 863 is divided by 78?
5
What is the remainder when 2770 is divided by 44?
42
What is the remainder when 246 is divided by 43?
31
What is the remainder when 289 is divided by 35?
9
Calculate the remainder when 802 is divided by 105.
67
Calculate the remainder when 1030 is divided by 24.
22
What is the remainder when 133 is divided by 106?
27
What is the remainder when 2323 is divided by 155?
153
What is the remainder when 2158 is divided by 120?
118
Calculate the remainder when 2092 is divided by 23.
22
Calculate the remainder when 53 is divided by 8.
5
What is the remainder when 560 is divided by 83?
62
Calculate the remainder when 109 is divided by 30.
19
What is the remainder when 21342 is divided by 232?
230
Calculate the remainder when 2617 is divided by 187.
186
Calculate the remainder when 229 is divided by 42.
19
Calculate the remainder when 100 is divided by 53.
47
Calculate the remainder when 1774 is divided by 35.
24
What is the remainder when 126 is divided by 103?
23
What is the remainder when 166 i